-2014504
In base 12, what is -4975 - 71?
-4a26
In base 2, what is -11100100 - -10110000100011100?
10110000000111000
In base 13, what is 65c3 + 181?
6774
In base 11, what is 133a20 + 4?
133a24
In base 15, what is 934c - -6acb?
10e28
In base 16, what is 418ca + 3c?
41906
In base 5, what is 11301103 + -114113?
11131440
In base 9, what is 1875264 + -78?
1875175
In base 9, what is -2 + 20788850?
20788847
In base 7, what is -4 + 24124323?
24124316
In base 2, what is 10101001001 + 110110111001110?
111001100010111
In base 8, what is -142140 + -2027?
-144167
In base 8, what is -23 - 21564435?
-21564460
In base 15, what is 551a + 479d?
9cb8
In base 8, what is 1 - 17101717?
-17101716
In base 5, what is 2 + -420212300433?
-420212300431
In base 7, what is -1 + 563440534?
563440533
In base 9, what is 5026778 + 0?
5026778
In base 6, what is 1315 - -13315141?
13320500
In base 5, what is 1100442021 + 233?
1100442304
In base 6, what is 0 + -154313301?
-154313301
In base 11, what is -2a - 315775?
-3157a4
In base 10, what is -11732774 - -1?
-11732773
In base 3, what is -1122011 - 2222002201?
-10000201212
In base 3, what is -12 + -11010002210012020?
-11010002210012102
In base 2, what is 10110100000101 - 100010111100011?
-1100011011110
In base 15, what is -107d - -1cd8?
c5a
In base 15, what is -30a71 + 643?
-3042d
In base 16, what is bb934 - -1?
bb935
In base 13, what is 7330 - -174a?
8a7a
In base 5, what is -2212434321 - -21?
-2212434300
In base 9, what is 80 - -16762?
16852
In base 4, what is -3 + 1102133322113?
1102133322110
In base 14, what is -5d4bd9d5 + -3?
-5d4bd9d8
In base 16, what is 6b7ca - -26?
6b7f0
In base 11, what is 150 - 3250a90?
-3250940
In base 9, what is -5 + 810863?
810857
In base 12, what is 8 - -4814494?
48144a0
In base 9, what is -14080066 - 14?
-14080081
In base 16, what is 3e02c22 - 4?
3e02c1e
In base 14, what is -378d - 7280?
-aa2d
In base 11, what is -698091 + -6?
-698097
In base 12, what is -318b493 + -46?
-318b519
In base 7, what is -424564 + -64?
-424661
In base 7, what is 32 + 555435050?
555435112
In base 16, what is e - c2e8?
-c2da
In base 6, what is -1011013 + 5321?
-1001252
In base 10, what is -184164 - -8190?
-175974
In base 12, what is a3751 - 1205?
a2548
In base 3, what is -10210201 - 21200201000?
-21211111201
In base 7, what is -6 - -50664516?
50664510
In base 10, what is 0 + 74580817?
74580817
In base 8, what is 20725 - -164?
21111
In base 2, what is 11110110101 + -11000001001010110?
-10111101010100001
In base 14, what is -9 + -59035d?
-590368
In base 14, what is -2152 + 6ba?
-1876
In base 3, what is 112222200122020021 - 12?
112222200122020002
In base 13, what is 11 + -1a2c14?
-1a2c03
In base 10, what is 3552 + 6267?
9819
In base 2, what is -101110010111110 + 110010011100?
-101000000100010
In base 2, what is -111000010011111 + 101110110?
-110111100101001
In base 15, what is 327d5e + 9?
327d68
In base 13, what is 41 - -c57c?
c5c0
In base 2, what is 10100100101110100001 + 1000?
10100100101110101001
In base 4, what is -110132210331 + 10?
-110132210321
In base 10, what is -77043 + 2774?
-74269
In base 9, what is -2478 - -5315?
2726
In base 5, what is -1 - -110400221121?
110400221120
In base 6, what is -14110 - 3034?
-21144
In base 6, what is 122532 + 244155?
411131
In base 15, what is -882d7 - -3?
-882d4
In base 3, what is -1 + 20202211121211?
20202211121210
In base 3, what is 120121 + 2001220111110?
2001221002001
In base 7, what is -33036 + -5626?
-41665
In base 15, what is -1043501 + 2?
-10434ee
In base 3, what is 2010012022122 - 202?
2010012021220
In base 2, what is -1010100111 - 10111111100001?
-11001010001000
In base 8, what is 4435537 + -613?
4434724
In base 10, what is -5 + 7347093?
7347088
In base 10, what is 30 - 274990?
-274960
In base 8, what is 244346000 - -3?
244346003
In base 11, what is -5 - 1572569?
-1572573
In base 4, what is -1 - 110320233133?
-110320233200
In base 6, what is -4143133 + -1314?
-4144451
In base 9, what is -4 + 117005685?
117005681
In base 4, what is -102213001 + -2123?
-102221130
In base 11, what is 46 + 2499a8?
249a43
In base 13, what is -23 + -7caa?
-8000
In base 11, what is -32064 + 2?
-32062
In base 2, what is -10110010100010 + -1011100000?
-10111110000010
In base 6, what is 3 - -43051400?
43051403
In base 8, what is -143611 + 452?
-143137
In base 5, what is -23000244 - -4202?
-22441042
In base 13, what is 270 + 3c94?
4234
In base 13, what is -c38 + 5946?
4a0b
In base 12, what is 378737 + -2?
378735
In base 3, what is 1 + 20101211220120010?
20101211220120011
In base 8, what is 72757 - 67014?
3743
In base 10, what is 163243004 - -3?
163243007
In base 14, what is 0 + 13553d?
13553d
In base 13, what is 105823 + 10?
105833
In base 6, what is -1232242122 - 5?
-1232242131
In base 8, what is 16 + 25112770?
25113006
In base 2, what is -110 - 11101000101100111000110?
-11101000101100111001100
In base 3, what is 220222112102200 - 1201?
220222112100222
In base 12, what is 2332b41 + 0?
2332b41
In base 4, what is -3123011 + 1311313?
-1211032
In base 7, what is -554550 + -6?
-554556
In base 6, what is 4355503 - -4552?
4404455
In base 12, what is -711b95 - 34?
-712009
In base 12, what is -40 - 2315a8?
-231628
In base 6, what is 15014223 + -12?
15014211
In base 15, what is 44107 + -a9?
4404d
In base 14, what is 7ca2 + 2668?
a52a
In base 6, what is 2444241 + -344?
2443453
In base 8, what is 20 + 1372434?
1372454
In base 7, what is -5265453 + -63?
-5265546
In base 5, what is -43402300000 - -4?
-43402244441
In base 12, what is 156aa68 + 54?
156ab00
In base 13, what is -4 - a847318?
-a84731c
In base 7, what is -4461133 + 40?
-4461063
In base 14, what is -82950 + 716?
-82238
In base 2, what is 110000010101011 + -101101101011?
101010101000000
In base 7, what is -4 - -34634310?
34634303
In base 5, what is -304342 - -1421?
-302421
In base 16, what is 10f + -13b0?
-12a1
In base 6, what is 11 + -11353153324?
-11353153313
In base 6, what is -2 + -14210030?
-14210032
In base 14, what is -14c171c - -18?
-14c1704
In base 10, what is 10 + 5529006?
5529016
In base 14, what is 1152 + -826?
72a
In base 3, what is 111222210020211 + 11?
111222210020222
In base 3, what is -11112001220120120 - 110?
-11112001220121000
In base 4, what is -2213333 - -13020301?
10200302
In base 5, what is 214 - 1203212324?
-1203212110
In base 11, what is 133083 - -44?
133117
In base 12, what is -6 - 7b0b7?
-7b101
In base 7, what is 20 - 1151052?
-1151032
In base 11, what is 455 - 21798?
-21343
In base 11, what is -82 + 133075?
132aa3
In base 4, what is -20312323300100 - 1?
-20312323300101
In base 9, what is -65808775 + 2?
-65808773
In base 12, what is 4 - -70237a3?
70237a7
In base 6, what is 1234 + -311052?
-305414
In base 8, what is -20 - 1002047?
-1002067
In base 3, what is -12202022021002110 - -111?
-12202022021001222
In base 10, what is -6 + -20488353?
-20488359
In base 15, what is -90 + 48c5?
4835
In base 10, what is -293801 - 745?
-294546
In base 7, what is -11646 + -11350?
-23326
In base 13, what is 1c6705 + -56?
1c667c
In base 11, what is 36 - 186750?
-186715
In base 7, what is 3 - 2131402050?
-2131402044
In base 9, what is 22532676 - -17?
22532704
In base 13, what is -11 - -30388?
30377
In base 14, what is 417a45 - -6?
417a4b
In base 8, what is -16763 - 244?
-17227
In base 9, what is 150068 + 11?
150080
In base 3, what is 20 + -221220210122?
-221220210102
In base 8, what is 257244 + -44?
257200
In base 10, what is 6 + -11018111?
-11018105
In base 16, what is 167eaf - -1c?
167ecb
In base 10, what is 6897 + -76566?
-69669
In base 13, what is 19738 - 14b?
195ba
In base 12, what is 10 + a90a?
a91a
In base 2, what is 1000111010000001110110110011 - -1?
1000111010000001110110110100
In base 15, what is -23879051 - -4?
-2387904c
In base 6, what is 1041334 + 3033?
1044411
In base 4, what is 1131322 + 10321033?
12113021
In base 15, what is -bb - 134ae?
-1357a
In base 5, what is -2221211031 + 20?
-2221211011
In base 14, what is 25dd + -6a4?
1d39
In base 8, what is 122 + -65577?
-65455
In base 2, what is -100110 + 10010011111111111111?
10010011111111011001
In base 16, what is -9 + -41e9a6?
-41e9af
In base 8, what is 1453 - 117365?
-115712
In base 2, what is 110101011010101 + -11000011?
110101000010010
In base 7, what is 40040 - -1433?
41503
In base 10